ivative of 143*c**6/120 + c**5/30 + 8704*c**2. Is b(o) a prime number?
False
Let a be 2/(-9) + 1606/99 + 2. Let b(q) = q**2 - 16*q - 36. Let o be b(a). Suppose o*c + 74 = c. Is c composite?
True
Suppose 4*i - 17 = 5*b, 3*i - 5 + 1 = -5*b. Let n(j) be the second derivative of 31*j**4/3 - j**2/2 + 7*j. Is n(b) a composite number?
True
Let q = -4548 + 1915. Is 4 - (2 - -6) - q - -4 a prime number?
True
Suppose 1386 - 6 = -2*b. Let l = 757 + b. Is l composite?
False
Let q(l) = l**2 - 25*l - 46. Let u be q(27). Let v be u/(-2) - -1 - -12. Is -3 + (v - 6) - (-12049 + 0) a composite number?
False
Let f be (-3)/(2/((-24)/(-9))). Is (f - 52/(-8) - 2)*4298 a prime number?
False
Let d = 253189 + -1752. Is d a prime number?
True
Let o = -65 + 66. Let f be -313 - (o - 4 - -2). Let h = f - -535. Is h a prime number?
True
Suppose -151 = 6*i - 163. Let a(t) = -t**2 - 9*t + 6. Let j be a(-9). Suppose 3016 = j*l + i*l. Is l a prime number?
False
Suppose -4*n - 296 = -2*q, 10*n - 7*n = 5*q - 761. Suppose q*s - 29235 = 151*s. Is s prime?
False
Let j(u) = -7048*u**3 + 3*u**2 - 1. Let p be j(1). Let z = 16813 + p. Is z composite?
False
Let b(x) = -992*x + 19. Let l(n) = n - 4. Let f(z) = -b(z) - 4*l(z). Is f(4) composite?
True
Suppose 2429*f - 2378*f - 14984871 = 0. Is f composite?
True
Suppose 26499 = 20*q - 29221. Suppose -5*c = 3*r + 3012, 1720 = -2*r - 3*c - 289. Let o = r + q. Is o a prime number?
True
Let h = 405 - 403. Suppose 0 = h*z - 8*z + 18978. Is z composite?
False
Let y be (3*(-3)/(-9))/((-8)/16112). Is -1 + 2 + (6 - y) a composite number?
True
Suppose 5929 = 3*g - 18071. Let t be 4/14 - g/70. Let n = 169 + t. Is n a composite number?
True
Suppose 2*s + 4*o = 1618450, -4*s = -55*o + 58*o - 3236895. Is s prime?
False
Suppose -3*m = t - 29235 - 9686, -5*m + 3*t = -64873. Suppose 11*o - m = -2*o. Is o composite?
True
Is 8*115/(-46) - -442023 prime?
True
Let w = 447 + -262. Let b = w - -1458. Is b a prime number?
False
Let d(r) be the first derivative of -9*r**2/2 - 10*r - 3. Suppose -4*b = -3*b + 7. Is d(b) a prime number?
True
Suppose h = 24 - 18. Suppose h*k - 2*k + 2*c = -8, 5*k + 2*c = -11. Is (6 - 3)*(k + (-1086)/(-9)) prime?
True
Let t(x) = -x**2 - 14*x - 15. Let c be t(8). Let f = 252 - c. Is f composite?
False
Let d be -870*(13 - 56/4). Let t(m) = -15*m**3 - 2*m**2 + 3. Let s be t(-4). Let j = s + d. Is j a composite number?
False
Suppose -24*k + 19093563 = 23*k + 34*k. Is k a prime number?
True
Let s = -61831 - -141224. Is s composite?
False
Let l = -7629 + 15479. Let z = l + -5073. Is z composite?
False
Suppose -8726 = 299*k - 300*k. Let l = k - 6093. Is l prime?
True
Suppose 9*d = 9 + 27. Suppose -d*o - 35 = 5*r, o + r = -6 - 2. Let f(h) = -55*h + 18. Is f(o) prime?
True
Let w be ((-4)/7)/((-5)/((-175)/(-10))). Suppose 22 = 4*m - w*d, 6*m - m = -5*d - 10. Suppose 4*u + y - 791 = 0, 0 = m*u - 5*y - 125 - 497. Is u prime?
True
Suppose 5*l - 6 = v, -3*l - 14 = -v - 8*l. Suppose -60987 = -5*s + u, -36595 = -3*s - v*u + 6*u. Is s a composite number?
False
Let s = -671338 - -1131432. Is s a prime number?
False
Let z(f) = 858726*f**2 - 2*f + 5. Is z(1) a prime number?
False
Suppose 6*b = 200752 + 483560. Suppose 5*x + 4*z = 9155 + 133410, -4*x - 4*z + b = 0. Is x a composite number?
False
Suppose 5984549 - 9961403 - 9790518 = -36*s. Is s composite?
False
Let h = 12327 + 376762. Is h prime?
True
Let a(i) = 110020*i - 957. Is a(4) prime?
True
Is (-8)/6 + (-4294802)/(-186) composite?
True
Suppose 0 = 145*n - 141*n - 63052. Suppose 4*a = w - 5231, -w = -4*w - 2*a + n. Is w composite?
True
Let h be -3 - 1 - (-6 + (1 - 2)). Let p be 582/18 + -8 - 1/h. Let c(k) = -k**3 + 28*k**2 + 12*k - 13. Is c(p) prime?
True
Let t(a) = 1657*a**2 + 32*a + 311. Is t(-8) a composite number?
False
Suppose s = 2*s - 5*x - 4649, -3*s = x - 13883. Let i = s + -2103. Let a = -1483 + i. Is a composite?
True
Suppose -13*g - g + 1434087 = -5*g. Is g a composite number?
True
Is (549462/(-18))/((-1)/3) prime?
True
Let b(t) = 28146*t - 1151. Is b(5) a composite number?
True
Let g(b) = -623*b + 15. Let o be g(4). Let z = o + 6804. Is z prime?
True
Let q be (-22035)/(-25) + 2/(-5). Suppose 4*o = 4*t + 2352, 2*t - 141 = -o - 1305. Let x = q - t. Is x prime?
False
Let p = 24 + -18. Suppose 28*a = 30*a - p. Suppose -5*m + 962 = -a*m - c, -5*m + 3*c = -2407. Is m composite?
False
Is 4402623/63 + (-36)/(-378) composite?
True
Let q(a) = -12*a**2 + 5*a + 5. Let i be q(-1). Let v(m) = m**2 - 17*m - 1. Is v(i) a composite number?
False
Suppose 0 = -5*s + 4*j + 249393 - 10594, -2*s + 95514 = 4*j. Is s composite?
True
Suppose 0 = -26*d - 6093 + 1803. Is 29996/6*d/(-110) a prime number?
True
Let f = 211073 + -91482. Is f a prime number?
True
Suppose l = -0*j + 3*j + 7144, 3*l = j + 21424. Suppose -3*h + 1316 = -g - l, 5*h + 3*g - 14095 = 0. Is h a prime number?
True
Suppose 21*z - 16*z + a = 92915, -4*z - 2*a + 74332 = 0. Is z prime?
True
Let a(u) = -2*u**3 - 7*u**2 + 6*u + 10. Let y(h) = -5*h + 26. Let f be y(6). Let c be a(f). Suppose -5*w + 2439 = -t, t = c*t + 4. Is w a composite number?
False
Let b(c) = 19*c**2 - c - 13. Let a(g) = 39*g**2 - 3*g - 25. Let f(d) = 6*a(d) - 11*b(d). Is f(6) composite?
True
Let w(j) = 17798*j + 6. Let x be w(-1). Let c = x + 30489. Is c prime?
True
Let c(q) = 19031*q - 21. Let a be c(3). Suppose 0 = -j - 1, -6*v + 10*v - a = 4*j. Is v prime?
False
Let i be 1 + (-10)/5 - -1 - -24. Suppose 55046 + 24466 = i*v. Is v a composite number?
False
Let i = 112717 + -57998. Is i a prime number?
False
Let z = -173 + 174. Is ((-1228)/12)/((1/(-3))/z) prime?
True
Suppose -53 + 11 = 7*g. Let j(s) = s**2 + 4*s - 10. Let i be j(g). Suppose -7022 = -i*k - 2404. Is k a composite number?
False
Suppose c + c - 5*c = 0. Suppose s - 86284 = -5*i - c*i, -4*i = s - 69027. Is i prime?
True
Suppose -b + 6*f = f + 56629, 5*b + 283197 = -f. Is (0 - 3/12) + b/(-76) a prime number?
False
Let h(q) = q**3 + 8*q**2 - 8*q + 9. Let f be h(-9). Is f + (-6 - (-6004 + 5)) prime?
False
Suppose -169*d = q - 164*d - 120571, 602747 = 5*q - 2*d. Is q a prime number?
True
Let f = 80458 - 48105. Is f prime?
True
Let r be 796/(-4)*(-1)/1. Suppose 269 = 2*f - r. Suppose f = 2*x + 4*x. Is x prime?
False
Suppose -117*s + 120*s + 378125 = 4*o, -4*s = -3*o + 283599. Is o composite?
False
Let c = 49 + -83. Let w = 49 + c. Suppose 18*j - 2751 = w*j. Is j a composite number?
True
Suppose -284905 = -387*m + 770*m - 388*m. Is m composite?
True
Let u = -9039 - -24034. Is u a prime number?
False
Let l = -407924 + 592593. Is l a prime number?
True
Suppose 735998 = -5873*r + 5875*r. Is r a prime number?
False
Let c(f) = f**3 + 10*f**2 - 15*f - 11. Let y be c(-10). Let u = y + 803. Suppose o - u = -5*o. Is o a prime number?
True
Is -2*1254398/(-36) + 108/486 a composite number?
True
Let d = 700614 + -184709. Suppose -15*w + d = -2*w. Is w composite?
True
Let v(k) = 90*k + 1607. Is v(13) prime?
True
Let c(n) = 97*n**2 - n + 43. Suppose -9*z - 29 = 25. Is c(z) composite?
False
Let y(p) = 42947*p**2 - 226*p + 853. Is y(4) a composite number?
False
Let o be 0*(-5)/(4 - -6). Suppose -1389 = -o*f - 3*f. Suppose -5*t - x + 9747 = 0, -2*t = 3*x - 4367 + f. Is t composite?
False
Suppose -15580193 = -32*b - b - 28*b. Is b a composite number?
False
Let l(y) = -3*y + 0*y**2 + 8*y**2 + 3*y**2 - 20*y**2 + 7 + 12*y**3. Is l(9) a composite number?
True
Let k(z) = z**3 + z**2 - 8*z - 3. Let b be k(-3). Suppose 4*c + 220 + 11 = b*l, c = -3*l + 246. Let h = -2 + l. Is h a prime number?
True
Suppose -n - 3520 = 5*x, -2*n - 631 = 5*x + 2894. Let z = -4145 + 5905. Let l = x + z. Is l composite?
True
Let k(b) = 13914*b**2 + 316*b - 3383. Is k(11) prime?
False
Let t = -2766 + 3882. Let o = -365 - t. Let j = o + 2112. Is j a composite number?
False
Let k be 1138 - (20/(-2))/(2/1). Suppose -6*q + 6249 - k = 0. Is q a prime number?
False
Let i = 300 + -309. Is i + 5 - (4 - 661) composite?
False
Let l(m) = -38*m**3 + 4*m**2 + 3*m - 16. Let d be l(7). Let v = d + 19522. Is v a composite number?
False
Suppose 8*a - 6*a = f - 3504829, -4*f + 2*a + 14019274 = 0. Is f a composite number?
True
Let i(r) = r**3 - 14*r**2 - 32*r - 6. Let g be i(16). Let l(z) = 19*z - 1288. Let c(b) = 10*b - 643. Let m(j) = g*l(j) + 11*c(j). Is m(0) a prime number?
False
Le